te the remainder when 1813 is divided by 1292.
521
What is the remainder when 20572 is divided by 820?
72
Calculate the remainder when 3317 is divided by 38.
11
What is the remainder when 6973 is divided by 343?
113
Calculate the remainder when 215332 is divided by 23914.
106
What is the remainder when 38730 is divided by 136?
106
What is the remainder when 75114 is divided by 29?
4
Calculate the remainder when 5605 is divided by 394.
89
What is the remainder when 43603 is divided by 178?
171
What is the remainder when 1043 is divided by 618?
425
What is the remainder when 94357 is divided by 2301?
16
Calculate the remainder when 9580 is divided by 27.
22
What is the remainder when 63993 is divided by 1330?
153
Calculate the remainder when 16687 is divided by 16686.
1
What is the remainder when 24836 is divided by 837?
563
Calculate the remainder when 3837 is divided by 441.
309
What is the remainder when 4446 is divided by 81?
72
What is the remainder when 810795 is divided by 23?
22
What is the remainder when 61857 is divided by 92?
33
What is the remainder when 20586 is divided by 196?
6
Calculate the remainder when 30165 is divided by 71.
61
Calculate the remainder when 2745 is divided by 1353.
39
What is the remainder when 623699 is divided by 385?
384
What is the remainder when 2843 is divided by 161?
106
Calculate the remainder when 10943 is divided by 10937.
6
What is the remainder when 122458 is divided by 78?
76
Calculate the remainder when 396691 is divided by 13223.
1
What is the remainder when 1810304 is divided by 603432?
8
What is the remainder when 238146 is divided by 73?
20
What is the remainder when 4390 is divided by 478?
88
Calculate the remainder when 75699 is divided by 71.
13
What is the remainder when 328529 is divided by 7?
5
Calculate the remainder when 1874 is divided by 157.
147
What is the remainder when 6529 is divided by 506?
457
Calculate the remainder when 145469 is divided by 373.
372
Calculate the remainder when 4525 is divided by 1345.
490
What is the remainder when 3549 is divided by 442?
13
Calculate the remainder when 273 is divided by 149.
124
What is the remainder when 253 is divided by 41?
7
What is the remainder when 5965 is divided by 109?
79
Calculate the remainder when 7124 is divided by 22.
18
What is the remainder when 37240 is divided by 17?
10
What is the remainder when 98665 is divided by 165?
160
Calculate the remainder when 7218 is divided by 15.
3
Calculate the remainder when 16148 is divided by 1629.
1487
What is the remainder when 293961 is divided by 17?
14
What is the remainder when 312 is divided by 189?
123
Calculate the remainder when 9500 is divided by 412.
24
What is the remainder when 897321 is divided by 26?
9
What is the remainder when 25982 is divided by 112?
110
Calculate the remainder when 2128 is divided by 18.
4
Calculate the remainder when 4029 is divided by 873.
537
What is the remainder when 4907 is divided by 1209?
71
Calculate the remainder when 9182 is divided by 328.
326
What is the remainder when 6913 is divided by 3115?
683
What is the remainder when 4358 is divided by 4351?
7
Calculate the remainder when 1036 is divided by 455.
126
Calculate the remainder when 138384 is divided by 116.
112
Calculate the remainder when 187320 is divided by 23411.
32
What is the remainder when 2370 is divided by 46?
24
What is the remainder when 2125 is divided by 66?
13
Calculate the remainder when 5240 is divided by 20.
0
Calculate the remainder when 15415 is divided by 7573.
269
What is the remainder when 1180506 is divided by 14?
12
Calculate the remainder when 417071 is divided by 217.
214
Calculate the remainder when 17831 is divided by 636.
23
Calculate the remainder when 1089 is divided by 593.
496
Calculate the remainder when 1577 is divided by 1560.
17
What is the remainder when 10998 is divided by 200?
198
What is the remainder when 26794 is divided by 58?
56
What is the remainder when 32016 is divided by 288?
48
What is the remainder when 5932 is divided by 2347?
1238
What is the remainder when 42883 is divided by 142?
141
Calculate the remainder when 65038 is divided by 1584.
94
Calculate the remainder when 2649 is divided by 165.
9
Calculate the remainder when 24488 is divided by 78.
74
What is the remainder when 27210 is divided by 50?
10
Calculate the remainder when 1294996 is divided by 350.
346
Calculate the remainder when 929 is divided by 50.
29
What is the remainder when 18186 is divided by 1209?
51
Calculate the remainder when 27670 is divided by 27669.
1
What is the remainder when 3725 is divided by 117?
98
What is the remainder when 4962 is divided by 79?
64
Calculate the remainder when 21374 is divided by 156.
2
Calculate the remainder when 623 is divided by 177.
92
What is the remainder when 33377 is divided by 13?
6
Calculate the remainder when 7146 is divided by 3567.
12
What is the remainder when 146985 is divided by 812?
13
Calculate the remainder when 57217 is divided by 469.
468
Calculate the remainder when 35458 is divided by 257.
249
Calculate the remainder when 2328 is divided by 134.
50
What is the remainder when 156998 is divided by 314?
312
Calculate the remainder when 133720 is divided by 1105.
15
What is the remainder when 666 is divided by 78?
42
What is the remainder when 18589 is divided by 840?
109
What is the remainder when 558287 is divided by 244?
15
Calculate the remainder when 173587 is divided by 39.
37
Calculate the remainder when 158420 is divided by 966.
962
Calculate the remainder when 14009 is divided by 124.
121
Calculate the remainder when 44595 is divided by 44591.
4
What is the remainder when 1327751 is divided by 324?
323
What is the remainder when 121948 is divided by 542?
540
What is the remainder when 1362 is divided by 76?
70
Calculate the remainder when 559 is divided by 279.
1
What is the remainder when 146540 is divided by 36634?
4
What is the remainder when 134693 is divided by 1980?
53
Calculate the remainder when 5905 is divided by 656.
1
Calculate the remainder when 1369926 is divided by 487.
482
What is the remainder when 58826 is divided by 19593?
47
Calculate the remainder when 99242 is divided by 115.
112
Calculate the remainder when 15787 is divided by 280.
107
What is the remainder when 1575107 is divided by 10?
7
What is the remainder when 3724 is divided by 723?
109
Calculate the remainder when 7280 is divided by 7241.
39
What is the remainder when 7593 is divided by 2508?
69
What is the remainder when 481160 is divided by 120?
80
Calculate the remainder when 938 is divided by 907.
31
Calculate the remainder when 1622 is divided by 180.
2
What is the remainder when 500185 is divided by 224?
217
What is the remainder when 64461 is divided by 102?
99
What is the remainder when 268719 is divided by 18?
15
What is the remainder when 1031 is divided by 405?
221
Calculate the remainder when 249814 is divided by 49962.
4
Calculate the remainder when 11634 is divided by 892.
38
What is the remainder when 64614 is divided by 7?
4
What is the remainder when 1796 is divided by 338?
106
Calculate the remainder when 22067 is divided by 60.
47
Calculate the remainder when 6341 is divided by 10.
1
Calculate the remainder when 396822 is divided by 683.
682
Calculate the remainder when 247878 is divided by 42.
36
What is the remainder when 26935 is divided by 37?
36
What is the remainder when 956339 is divided by 621?
620
Calculate the remainder when 414833 is divided by 94.
11
What is the remainder when 2469 is divided by 501?
465
What is the remainder when 705767 is divided by 122?
119
What is the remainder when 361 is divided by 90?
1
What is the remainder when 5287 is divided by 1742?
61
Calculate the remainder when 19776 is divided by 20.
16
Calculate the remainder when 78408 is divided by 3557.
154
What is the remainder when 39510 is divided by 44?
42
Calculate the remainder when 312731 is divided by 63.
62
What is the remainder when 313045 is divided by 15?
10
What is the remainder when 5535 is divided by 121?
90
What is the remainder when 1081 is divided by 1000?
81
What is the remainder when 567 is divided by 42?
21
What is the remainder when 57790 is divided by 65?
5
What is the remainder when 20465 is div